{"id":20,"date":"2025-04-05T01:01:30","date_gmt":"2025-04-05T01:01:30","guid":{"rendered":"https:\/\/dumplingsexpress.com.do\/support\/?page_id=20"},"modified":"2025-04-05T03:35:52","modified_gmt":"2025-04-05T03:35:52","slug":"politicas-de-privacidad","status":"publish","type":"page","link":"https:\/\/dumplingsexpress.com.do\/support\/politicas-de-privacidad\/","title":{"rendered":"Politicas de privacidad"},"content":{"rendered":"\t\t<div data-elementor-type=\"wp-page\" data-elementor-id=\"20\" class=\"elementor elementor-20\" data-elementor-post-type=\"page\">\n\t\t\t\t<div class=\"elementor-element elementor-element-94bb120 e-con-full e-flex e-con e-parent\" data-id=\"94bb120\" data-element_type=\"container\">\n\t\t<div class=\"elementor-element elementor-element-8ae921b e-con-full e-flex e-con e-child\" data-id=\"8ae921b\" data-element_type=\"container\">\n\t\t\t\t<div class=\"elementor-element elementor-element-3c89653 elementor-widget elementor-widget-heading\" data-id=\"3c89653\" data-element_type=\"widget\" data-widget_type=\"heading.default\">\n\t\t\t\t<div class=\"elementor-widget-container\">\n\t\t\t\t\t<h2 class=\"elementor-heading-title elementor-size-default\">Pol\u00edticas de privacidad<\/h2>\t\t\t\t<\/div>\n\t\t\t\t<\/div>\n\t\t\t\t<div class=\"elementor-element elementor-element-64a937f elementor-widget elementor-widget-text-editor\" data-id=\"64a937f\" data-element_type=\"widget\" data-widget_type=\"text-editor.default\">\n\t\t\t\t<div class=\"elementor-widget-container\">\n\t\t\t\t\t\t\t\t\t<p class=\"\" data-start=\"328\" data-end=\"349\"><strong data-start=\"328\" data-end=\"349\">Dumplings Express<\/strong><\/p><p class=\"\" data-start=\"351\" data-end=\"400\"><strong data-start=\"351\" data-end=\"384\">Fecha de entrada en vigencia:<\/strong> Enero 2025<\/p><p class=\"\" data-start=\"402\" data-end=\"705\">Dumplings Express, en lo adelante <strong data-start=\"436\" data-end=\"455\">\u201cla Aplicaci\u00f3n\u201d<\/strong> o <strong data-start=\"458\" data-end=\"472\">\u201cnosotros\u201d<\/strong>, se compromete a proteger la privacidad de sus usuarios. Esta Pol\u00edtica de Privacidad describe c\u00f3mo recopilamos, utilizamos, almacenamos y protegemos la informaci\u00f3n personal que usted proporciona al utilizar nuestra aplicaci\u00f3n m\u00f3vil.<\/p>\t\t\t\t\t\t\t\t<\/div>\n\t\t\t\t<\/div>\n\t\t\t\t<div class=\"elementor-element elementor-element-99fa5e7 elementor-widget elementor-widget-heading\" data-id=\"99fa5e7\" data-element_type=\"widget\" data-widget_type=\"heading.default\">\n\t\t\t\t<div class=\"elementor-widget-container\">\n\t\t\t\t\t<h2 class=\"elementor-heading-title elementor-size-default\">1. Informaci\u00f3n recopilada<\/h2>\t\t\t\t<\/div>\n\t\t\t\t<\/div>\n\t\t\t\t<div class=\"elementor-element elementor-element-1214ba7 elementor-widget elementor-widget-text-editor\" data-id=\"1214ba7\" data-element_type=\"widget\" data-widget_type=\"text-editor.default\">\n\t\t\t\t<div class=\"elementor-widget-container\">\n\t\t\t\t\t\t\t\t\t<p class=\"\" data-start=\"742\" data-end=\"833\">Al utilizar la Aplicaci\u00f3n, podemos recopilar las siguientes categor\u00edas de datos personales:<\/p><ul data-start=\"835\" data-end=\"1250\"><li class=\"\" data-start=\"835\" data-end=\"935\"><p class=\"\" data-start=\"837\" data-end=\"935\"><strong data-start=\"837\" data-end=\"865\">Datos de identificaci\u00f3n:<\/strong> nombre completo, direcci\u00f3n de correo electr\u00f3nico, n\u00famero de tel\u00e9fono.<\/p><\/li><li class=\"\" data-start=\"936\" data-end=\"1019\"><p class=\"\" data-start=\"938\" data-end=\"1019\"><strong data-start=\"938\" data-end=\"970\">Datos de contacto y entrega:<\/strong> direcci\u00f3n f\u00edsica para fines de env\u00edo de pedidos.<\/p><\/li><li class=\"\" data-start=\"1020\" data-end=\"1121\"><p class=\"\" data-start=\"1022\" data-end=\"1121\"><strong data-start=\"1022\" data-end=\"1051\">Datos de geolocalizaci\u00f3n:<\/strong> ubicaci\u00f3n en tiempo real, cuando el usuario lo autoriza expresamente.<\/p><\/li><li class=\"\" data-start=\"1122\" data-end=\"1250\"><p class=\"\" data-start=\"1124\" data-end=\"1250\"><strong data-start=\"1124\" data-end=\"1141\">Datos de uso:<\/strong> informaci\u00f3n sobre interacciones con la Aplicaci\u00f3n, registros t\u00e9cnicos y estad\u00edsticas (a trav\u00e9s de Firebase).<\/p><\/li><\/ul>\t\t\t\t\t\t\t\t<\/div>\n\t\t\t\t<\/div>\n\t\t\t\t<div class=\"elementor-element elementor-element-d119f97 elementor-widget elementor-widget-heading\" data-id=\"d119f97\" data-element_type=\"widget\" data-widget_type=\"heading.default\">\n\t\t\t\t<div class=\"elementor-widget-container\">\n\t\t\t\t\t<h2 class=\"elementor-heading-title elementor-size-default\">2. Finalidades del tratamiento<\/h2>\t\t\t\t<\/div>\n\t\t\t\t<\/div>\n\t\t\t\t<div class=\"elementor-element elementor-element-45a56ba elementor-widget elementor-widget-text-editor\" data-id=\"45a56ba\" data-element_type=\"widget\" data-widget_type=\"text-editor.default\">\n\t\t\t\t<div class=\"elementor-widget-container\">\n\t\t\t\t\t\t\t\t\t<p class=\"\" data-start=\"1292\" data-end=\"1371\">Los datos personales recopilados ser\u00e1n tratados con las siguientes finalidades:<\/p><ul data-start=\"1373\" data-end=\"1720\"><li class=\"\" data-start=\"1373\" data-end=\"1418\"><p class=\"\" data-start=\"1375\" data-end=\"1418\">Registrar y administrar cuentas de usuario.<\/p><\/li><li class=\"\" data-start=\"1419\" data-end=\"1497\"><p class=\"\" data-start=\"1421\" data-end=\"1497\">Procesar, gestionar y entregar pedidos realizados a trav\u00e9s de la Aplicaci\u00f3n.<\/p><\/li><li class=\"\" data-start=\"1498\" data-end=\"1575\"><p class=\"\" data-start=\"1500\" data-end=\"1575\">Enviar notificaciones transaccionales y promocionales (cuando corresponda).<\/p><\/li><li class=\"\" data-start=\"1576\" data-end=\"1645\"><p class=\"\" data-start=\"1578\" data-end=\"1645\">Mejorar la funcionalidad, seguridad y rendimiento de la Aplicaci\u00f3n.<\/p><\/li><li class=\"\" data-start=\"1646\" data-end=\"1720\"><p class=\"\" data-start=\"1648\" data-end=\"1720\">Realizar an\u00e1lisis estad\u00edsticos y de marketing sobre el uso del servicio.<\/p><\/li><\/ul>\t\t\t\t\t\t\t\t<\/div>\n\t\t\t\t<\/div>\n\t\t\t\t<div class=\"elementor-element elementor-element-89e14fa elementor-widget elementor-widget-heading\" data-id=\"89e14fa\" data-element_type=\"widget\" data-widget_type=\"heading.default\">\n\t\t\t\t<div class=\"elementor-widget-container\">\n\t\t\t\t\t<h2 class=\"elementor-heading-title elementor-size-default\">3. Base legal para el tratamiento<\/h2>\t\t\t\t<\/div>\n\t\t\t\t<\/div>\n\t\t\t\t<div class=\"elementor-element elementor-element-b842c9a elementor-widget elementor-widget-text-editor\" data-id=\"b842c9a\" data-element_type=\"widget\" data-widget_type=\"text-editor.default\">\n\t\t\t\t<div class=\"elementor-widget-container\">\n\t\t\t\t\t\t\t\t\t<p class=\"\" data-start=\"1765\" data-end=\"1850\">El tratamiento de sus datos personales se fundamenta en las siguientes bases legales:<\/p><ul data-start=\"1852\" data-end=\"2081\"><li class=\"\" data-start=\"1852\" data-end=\"1920\"><p class=\"\" data-start=\"1854\" data-end=\"1920\"><strong data-start=\"1854\" data-end=\"1897\">Consentimiento del titular de los datos<\/strong>, cuando sea requerido.<\/p><\/li><li class=\"\" data-start=\"1921\" data-end=\"2002\"><p class=\"\" data-start=\"1923\" data-end=\"2002\"><strong data-start=\"1923\" data-end=\"1951\">Ejecuci\u00f3n de un contrato<\/strong>, en relaci\u00f3n con la compra y entrega de productos.<\/p><\/li><li class=\"\" data-start=\"2003\" data-end=\"2081\"><p class=\"\" data-start=\"2005\" data-end=\"2081\"><strong data-start=\"2005\" data-end=\"2025\">Inter\u00e9s leg\u00edtimo<\/strong>, para fines de mejora continua y an\u00e1lisis del servicio.<\/p><\/li><\/ul>\t\t\t\t\t\t\t\t<\/div>\n\t\t\t\t<\/div>\n\t\t\t\t<div class=\"elementor-element elementor-element-71c06cb elementor-widget elementor-widget-heading\" data-id=\"71c06cb\" data-element_type=\"widget\" data-widget_type=\"heading.default\">\n\t\t\t\t<div class=\"elementor-widget-container\">\n\t\t\t\t\t<h2 class=\"elementor-heading-title elementor-size-default\">4. Servicios de terceros\n<\/h2>\t\t\t\t<\/div>\n\t\t\t\t<\/div>\n\t\t\t\t<div class=\"elementor-element elementor-element-a295612 elementor-widget elementor-widget-text-editor\" data-id=\"a295612\" data-element_type=\"widget\" data-widget_type=\"text-editor.default\">\n\t\t\t\t<div class=\"elementor-widget-container\">\n\t\t\t\t\t\t\t\t\t<p class=\"\" data-start=\"2117\" data-end=\"2394\">La Aplicaci\u00f3n utiliza <strong data-start=\"2139\" data-end=\"2151\">Firebase<\/strong>, un servicio de Google LLC, para funcionalidades como autenticaci\u00f3n, an\u00e1lisis, gesti\u00f3n de bases de datos en tiempo real, y env\u00edo de notificaciones. Firebase puede recopilar ciertos datos personales y t\u00e9cnicos conforme a sus propias pol\u00edticas.<\/p><p class=\"\" data-start=\"2396\" data-end=\"2553\">Para m\u00e1s informaci\u00f3n sobre c\u00f3mo Google maneja los datos, visite:<br data-start=\"2460\" data-end=\"2463\" \/><a class=\"cursor-pointer\" target=\"_new\" rel=\"noopener\" data-start=\"2463\" data-end=\"2553\">https:\/\/firebase.google.com\/support\/privacy<\/a><\/p>\t\t\t\t\t\t\t\t<\/div>\n\t\t\t\t<\/div>\n\t\t\t\t<div class=\"elementor-element elementor-element-40baa5d elementor-widget elementor-widget-heading\" data-id=\"40baa5d\" data-element_type=\"widget\" data-widget_type=\"heading.default\">\n\t\t\t\t<div class=\"elementor-widget-container\">\n\t\t\t\t\t<h2 class=\"elementor-heading-title elementor-size-default\">5. Geolocalizaci\u00f3n\n<\/h2>\t\t\t\t<\/div>\n\t\t\t\t<\/div>\n\t\t\t\t<div class=\"elementor-element elementor-element-01670bc elementor-widget elementor-widget-text-editor\" data-id=\"01670bc\" data-element_type=\"widget\" data-widget_type=\"text-editor.default\">\n\t\t\t\t<div class=\"elementor-widget-container\">\n\t\t\t\t\t\t\t\t\t<p class=\"\" data-start=\"2583\" data-end=\"2668\">La Aplicaci\u00f3n puede solicitar el acceso a su ubicaci\u00f3n en tiempo real, con el fin de:<\/p><ul data-start=\"2670\" data-end=\"2779\"><li class=\"\" data-start=\"2670\" data-end=\"2730\"><p class=\"\" data-start=\"2672\" data-end=\"2730\">Ofrecer funcionalidades de entrega a domicilio eficientes.<\/p><\/li><li class=\"\" data-start=\"2731\" data-end=\"2779\"><p class=\"\" data-start=\"2733\" data-end=\"2779\">Permitir el rastreo de pedidos en tiempo real.<\/p><\/li><\/ul><p class=\"\" data-start=\"2781\" data-end=\"2948\">El uso de esta funcionalidad requiere autorizaci\u00f3n expresa por parte del usuario y puede ser deshabilitada en cualquier momento desde la configuraci\u00f3n del dispositivo.<\/p>\t\t\t\t\t\t\t\t<\/div>\n\t\t\t\t<\/div>\n\t\t\t\t<div class=\"elementor-element elementor-element-94c0fb5 elementor-widget elementor-widget-heading\" data-id=\"94c0fb5\" data-element_type=\"widget\" data-widget_type=\"heading.default\">\n\t\t\t\t<div class=\"elementor-widget-container\">\n\t\t\t\t\t<h2 class=\"elementor-heading-title elementor-size-default\">6. Medidas de seguridad\n<\/h2>\t\t\t\t<\/div>\n\t\t\t\t<\/div>\n\t\t\t\t<div class=\"elementor-element elementor-element-8ef25dd elementor-widget elementor-widget-text-editor\" data-id=\"8ef25dd\" data-element_type=\"widget\" data-widget_type=\"text-editor.default\">\n\t\t\t\t<div class=\"elementor-widget-container\">\n\t\t\t\t\t\t\t\t\t<p class=\"\" data-start=\"2983\" data-end=\"3168\">Adoptamos medidas t\u00e9cnicas y organizativas adecuadas para proteger sus datos personales frente a p\u00e9rdida, acceso no autorizado, alteraci\u00f3n o divulgaci\u00f3n, incluyendo, pero no limitado a:<\/p><ul data-start=\"3170\" data-end=\"3360\"><li class=\"\" data-start=\"3170\" data-end=\"3231\"><p class=\"\" data-start=\"3172\" data-end=\"3231\">Uso de cifrado en la transmisi\u00f3n y almacenamiento de datos.<\/p><\/li><li class=\"\" data-start=\"3232\" data-end=\"3270\"><p class=\"\" data-start=\"3234\" data-end=\"3270\">Acceso restringido a la informaci\u00f3n.<\/p><\/li><li class=\"\" data-start=\"3271\" data-end=\"3360\"><p class=\"\" data-start=\"3273\" data-end=\"3360\">Supervisi\u00f3n continua de los servicios utilizados para prevenir incidentes de seguridad.<\/p><\/li><\/ul>\t\t\t\t\t\t\t\t<\/div>\n\t\t\t\t<\/div>\n\t\t\t\t<div class=\"elementor-element elementor-element-34bcceb elementor-widget elementor-widget-heading\" data-id=\"34bcceb\" data-element_type=\"widget\" data-widget_type=\"heading.default\">\n\t\t\t\t<div class=\"elementor-widget-container\">\n\t\t\t\t\t<h2 class=\"elementor-heading-title elementor-size-default\">7. Derechos del titular de los datos\n<\/h2>\t\t\t\t<\/div>\n\t\t\t\t<\/div>\n\t\t\t\t<div class=\"elementor-element elementor-element-c296680 elementor-widget elementor-widget-text-editor\" data-id=\"c296680\" data-element_type=\"widget\" data-widget_type=\"text-editor.default\">\n\t\t\t\t<div class=\"elementor-widget-container\">\n\t\t\t\t\t\t\t\t\t<p class=\"\" data-start=\"3408\" data-end=\"3492\">El usuario podr\u00e1, en cualquier momento y de forma gratuita, ejercer sus derechos de:<\/p><ul data-start=\"3494\" data-end=\"3684\"><li class=\"\" data-start=\"3494\" data-end=\"3526\"><p class=\"\" data-start=\"3496\" data-end=\"3526\">Acceso a sus datos personales.<\/p><\/li><li class=\"\" data-start=\"3527\" data-end=\"3582\"><p class=\"\" data-start=\"3529\" data-end=\"3582\">Rectificaci\u00f3n de informaci\u00f3n incorrecta o incompleta.<\/p><\/li><li class=\"\" data-start=\"3583\" data-end=\"3636\"><p class=\"\" data-start=\"3585\" data-end=\"3636\">Cancelaci\u00f3n (eliminaci\u00f3n) de su cuenta y sus datos.<\/p><\/li><li class=\"\" data-start=\"3637\" data-end=\"3684\"><p class=\"\" data-start=\"3639\" data-end=\"3684\">Oposici\u00f3n al tratamiento, cuando corresponda.<\/p><\/li><\/ul><p class=\"\" data-start=\"3686\" data-end=\"3818\">Para ejercer estos derechos, el usuario puede enviar una solicitud a trav\u00e9s del correo electr\u00f3nico <strong data-start=\"3785\" data-end=\"3817\"><a class=\"cursor-pointer\" rel=\"noopener\" data-start=\"3787\" data-end=\"3815\">info@dumplingsexpress.com.do<\/a><\/strong>.<\/p>\t\t\t\t\t\t\t\t<\/div>\n\t\t\t\t<\/div>\n\t\t\t\t<div class=\"elementor-element elementor-element-4311396 elementor-widget elementor-widget-heading\" data-id=\"4311396\" data-element_type=\"widget\" data-widget_type=\"heading.default\">\n\t\t\t\t<div class=\"elementor-widget-container\">\n\t\t\t\t\t<h2 class=\"elementor-heading-title elementor-size-default\">8. Edad m\u00ednima\n<\/h2>\t\t\t\t<\/div>\n\t\t\t\t<\/div>\n\t\t\t\t<div class=\"elementor-element elementor-element-f2d18f4 elementor-widget elementor-widget-text-editor\" data-id=\"f2d18f4\" data-element_type=\"widget\" data-widget_type=\"text-editor.default\">\n\t\t\t\t<div class=\"elementor-widget-container\">\n\t\t\t\t\t\t\t\t\t<p class=\"\" data-start=\"3844\" data-end=\"4058\">El uso de la Aplicaci\u00f3n est\u00e1 restringido a personas mayores de <strong data-start=\"3907\" data-end=\"3918\">17 a\u00f1os<\/strong>. No recopilamos de forma intencionada datos de menores de edad. En caso de detectar dicha situaci\u00f3n, eliminaremos los datos inmediatamente.<\/p>\t\t\t\t\t\t\t\t<\/div>\n\t\t\t\t<\/div>\n\t\t\t\t<div class=\"elementor-element elementor-element-6668589 elementor-widget elementor-widget-heading\" data-id=\"6668589\" data-element_type=\"widget\" data-widget_type=\"heading.default\">\n\t\t\t\t<div class=\"elementor-widget-container\">\n\t\t\t\t\t<h2 class=\"elementor-heading-title elementor-size-default\">9. Modificaciones\n<\/h2>\t\t\t\t<\/div>\n\t\t\t\t<\/div>\n\t\t\t\t<div class=\"elementor-element elementor-element-acc107c elementor-widget elementor-widget-text-editor\" data-id=\"acc107c\" data-element_type=\"widget\" data-widget_type=\"text-editor.default\">\n\t\t\t\t<div class=\"elementor-widget-container\">\n\t\t\t\t\t\t\t\t\t<p class=\"\" data-start=\"4087\" data-end=\"4382\">Nos reservamos el derecho de modificar la presente Pol\u00edtica de Privacidad en cualquier momento. Los cambios ser\u00e1n debidamente informados a trav\u00e9s de la Aplicaci\u00f3n o por correo electr\u00f3nico. El uso continuado del servicio despu\u00e9s de dicha notificaci\u00f3n implica la aceptaci\u00f3n de los nuevos t\u00e9rminos.<\/p>\t\t\t\t\t\t\t\t<\/div>\n\t\t\t\t<\/div>\n\t\t\t\t<div class=\"elementor-element elementor-element-73ffcec elementor-widget elementor-widget-heading\" data-id=\"73ffcec\" data-element_type=\"widget\" data-widget_type=\"heading.default\">\n\t\t\t\t<div class=\"elementor-widget-container\">\n\t\t\t\t\t<h2 class=\"elementor-heading-title elementor-size-default\">10. Contacto\n<\/h2>\t\t\t\t<\/div>\n\t\t\t\t<\/div>\n\t\t\t\t<div class=\"elementor-element elementor-element-568e0ab elementor-widget elementor-widget-text-editor\" data-id=\"568e0ab\" data-element_type=\"widget\" data-widget_type=\"text-editor.default\">\n\t\t\t\t<div class=\"elementor-widget-container\">\n\t\t\t\t\t\t\t\t\t<p class=\"\" data-start=\"4406\" data-end=\"4527\">Para consultas, solicitudes o reclamaciones relacionadas con la protecci\u00f3n de sus datos personales, puede contactarnos a:<\/p><p class=\"\" data-start=\"4529\" data-end=\"4564\">\ud83d\udce7 <strong data-start=\"4532\" data-end=\"4564\"><a class=\"cursor-pointer\" rel=\"noopener\" data-start=\"4534\" data-end=\"4562\">info@dumplingsexpress.com.do<\/a><\/strong><\/p>\t\t\t\t\t\t\t\t<\/div>\n\t\t\t\t<\/div>\n\t\t\t\t<\/div>\n\t\t\t\t<\/div>\n\t\t\t\t<\/div>\n\t\t","protected":false},"excerpt":{"rendered":"<p>Pol\u00edticas de privacidad Dumplings Express Fecha de entrada en vigencia: Enero 2025 Dumplings Express, en lo adelante \u201cla Aplicaci\u00f3n\u201d o \u201cnosotros\u201d, se compromete a proteger la privacidad de sus usuarios. Esta Pol\u00edtica de Privacidad describe c\u00f3mo recopilamos, utilizamos, almacenamos y protegemos la informaci\u00f3n personal que usted proporciona al utilizar nuestra aplicaci\u00f3n m\u00f3vil. 1. Informaci\u00f3n recopilada [&hellip;]<\/p>\n","protected":false},"author":1,"featured_media":0,"parent":0,"menu_order":0,"comment_status":"closed","ping_status":"closed","template":"elementor_canvas","meta":{"footnotes":""},"class_list":["post-20","page","type-page","status-publish","hentry"],"_links":{"self":[{"href":"https:\/\/dumplingsexpress.com.do\/support\/wp-json\/wp\/v2\/pages\/20","targetHints":{"allow":["GET"]}}],"collection":[{"href":"https:\/\/dumplingsexpress.com.do\/support\/wp-json\/wp\/v2\/pages"}],"about":[{"href":"https:\/\/dumplingsexpress.com.do\/support\/wp-json\/wp\/v2\/types\/page"}],"author":[{"embeddable":true,"href":"https:\/\/dumplingsexpress.com.do\/support\/wp-json\/wp\/v2\/users\/1"}],"replies":[{"embeddable":true,"href":"https:\/\/dumplingsexpress.com.do\/support\/wp-json\/wp\/v2\/comments?post=20"}],"version-history":[{"count":13,"href":"https:\/\/dumplingsexpress.com.do\/support\/wp-json\/wp\/v2\/pages\/20\/revisions"}],"predecessor-version":[{"id":81,"href":"https:\/\/dumplingsexpress.com.do\/support\/wp-json\/wp\/v2\/pages\/20\/revisions\/81"}],"wp:attachment":[{"href":"https:\/\/dumplingsexpress.com.do\/support\/wp-json\/wp\/v2\/media?parent=20"}],"curies":[{"name":"wp","href":"https:\/\/api.w.org\/{rel}","templated":true}]}}